 the hundreds digit of 562?
5
What is the units digit of 106150?
0
What is the tens digit of 7521?
2
What is the ten thousands digit of 27863?
2
What is the thousands digit of 23027?
3
What is the tens digit of 19090?
9
What is the hundreds digit of 11011?
0
What is the tens digit of 4291?
9
What is the hundreds digit of 2166?
1
What is the units digit of 4652?
2
What is the tens digit of 335?
3
What is the hundreds digit of 3529?
5
What is the tens digit of 1198?
9
What is the thousands digit of 1133?
1
What is the ten thousands digit of 16889?
1
What is the hundreds digit of 116?
1
What is the hundreds digit of 7022?
0
What is the hundreds digit of 815?
8
What is the tens digit of 2704?
0
What is the hundreds digit of 6771?
7
What is the units digit of 21414?
4
What is the thousands digit of 4112?
4
What is the tens digit of 20890?
9
What is the tens digit of 9075?
7
What is the units digit of 958?
8
What is the units digit of 5395?
5
What is the thousands digit of 9199?
9
What is the ten thousands digit of 56424?
5
What is the hundreds digit of 590?
5
What is the tens digit of 4770?
7
What is the thousands digit of 10075?
0
What is the tens digit of 575?
7
What is the hundreds digit of 3057?
0
What is the hundreds digit of 1301?
3
What is the units digit of 2933?
3
What is the tens digit of 9406?
0
What is the units digit of 610?
0
What is the tens digit of 2942?
4
What is the units digit of 3455?
5
What is the hundreds digit of 3894?
8
What is the units digit of 9473?
3
What is the hundreds digit of 791?
7
What is the hundreds digit of 720?
7
What is the thousands digit of 1554?
1
What is the tens digit of 6215?
1
What is the tens digit of 7914?
1
What is the ten thousands digit of 50973?
5
What is the hundreds digit of 54457?
4
What is the thousands digit of 10695?
0
What is the tens digit of 728?
2
What is the ten thousands digit of 36852?
3
What is the thousands digit of 3957?
3
What is the tens digit of 28902?
0
What is the units digit of 6310?
0
What is the hundreds digit of 275?
2
What is the units digit of 1695?
5
What is the units digit of 29277?
7
What is the hundreds digit of 102?
1
What is the thousands digit of 77677?
7
What is the units digit of 1283?
3
What is the units digit of 603?
3
What is the tens digit of 3790?
9
What is the hundreds digit of 7825?
8
What is the units digit of 1874?
4
What is the hundreds digit of 2555?
5
What is the thousands digit of 2984?
2
What is the units digit of 78108?
8
What is the units digit of 3054?
4
What is the units digit of 757?
7
What is the tens digit of 16194?
9
What is the hundreds digit of 1037?
0
What is the hundreds digit of 4834?
8
What is the tens digit of 1135?
3
What is the ten thousands digit of 21033?
2
What is the tens digit of 7882?
8
What is the units digit of 84352?
2
What is the units digit of 35967?
7
What is the ten thousands digit of 17533?
1
What is the ten thousands digit of 97682?
9
What is the units digit of 51686?
6
What is the units digit of 2038?
8
What is the tens digit of 1376?
7
What is the units digit of 4235?
5
What is the tens digit of 4113?
1
What is the ten thousands digit of 32179?
3
What is the ten thousands digit of 98312?
9
What is the units digit of 857?
7
What is the tens digit of 212?
1
What is the units digit of 66854?
4
What is the ten thousands digit of 67644?
6
What is the ten thousands digit of 34760?
3
What is the units digit of 20451?
1
What is the hundreds digit of 66434?
4
What is the tens digit of 1123?
2
What is the units digit of 4918?
8
What is the tens digit of 35647?
4
What is the thousands digit of 1354?
1
What is the tens digit of 341?
4
What is the thousands digit of 2476?
2
What is the thousands digit of 4734?
4
What is the hundreds digit of 71530?
5
What is the ten thousands digit of 26051?
2
What is the ten thousands digit of 84057?
8
What is the thousands digit of 7629?
7
What is the ten thousands digit of 21381?
2
What is the units digit of 2695?
5
What is the hundreds digit of 22411?
4
What is the hundreds digit of 5187?
1
What is the hundreds digit of 1077?
0
What is the units digit of 211?
1
What is the hundreds digit of 5295?
2
What is the hundreds digit of 7413?
4
What is the tens digit of 57765?
6
What is the tens digit of 77?
7
What is the tens digit of 1500?
0
What is the units digit of 95318?
8
What is the ten thousands digit of 128700?
2
What is the thousands digit of 54068?
4
What is the units digit of 797?
7
What is the tens digit of 20822?
2
What is the hundreds digit of 456?
4
What is the units digit of 5696?
6
What is the tens digit of 11590?
9
What is the tens digit of 4461?
6
What is the units digit of 3459?
9
What is the units digit of 3011?
1
What is the units digit of 18289?
9
What is the tens digit of 1013?
1
What is the ten thousands digit of 12573?
1
What is the thousands digit of 147987?
7
What is the units digit of 9611?
1
What is the hundreds digit of 661?
6
What is the hundreds digit of 1249?
2
What is the tens digit of 915?
1
What is the units digit of 1596?
6
What is the hundreds digit of 19898?
8
What is the hundreds digit of 864?
8
What is the thousands digit of 1686?
1
What is the units digit of 31303?
3
What is the thousands digit of 3474?
3
What is the units digit of 983?
3
What is the tens digit of 15577?
7
What is the thousands digit of 43262?
3
What is the thousands digit of 23271?
3
What is the hundreds digit of 48010?
0
What is the tens digit of 2064?
6
What is the thousands digit of 3879?
3
What is the units digit of 282?
2
What is the units digit of 4187?
7
What is the tens digit of 788?
8
What is the hundreds digit of 26028?
0
What is the units digit of 123?
3
What is the hundreds digit of 23472?
4
What is the tens digit of 32203?
0
What is the units digit of 2451?
1
What is the units digit of 28842?
2
What is the tens digit of 5638?
3
What is the units digit of 7246?
6
What is the hundreds digit of 2985?
9
What is the tens digit of 1352?
5
What is the thousands digit of 2714?
2
What is the hundreds digit of 1036?
0
What is the tens digit of 6989?
8
What is the hundreds digit of 573?
5
What is the units digit of 78778?
8
What is the tens digit of 46798?
9
What is the hundreds digit of 276?
2
What is the units digit of 40179?
9
What is the tens digit of 6596?
9
What is the thousands digit of 157122?
7
What is the hundreds digit of 12916?
9
What is the units digit of 105?
5
What is the hundreds digit of 15842?
8
What is the units digit of 4059?
9
What is the units digit of 584?
4
What is the tens digit of 2728?
2
What is the ten thousands digit of 188133?
8
What is the hundreds digit of 1085?
0
What is the thousands digit of 3453?
3
What is the hundreds digit of 863?
8
What is the tens digit of 262?
6
What is the units digit of 14427?
7
What is the thousands digit of 73262?
3
What is the thousands digit of 2530?
2
What is the tens digit of 352?
5
What is the units digit of 4253?
3
What is the hundreds digit of 67622?
6
What is the units digit of 5856?
6
What is the tens digit of 690?
9
What is the thousands digit of 2016?
2
What is the thousands digit of 1142?
1
What is the hundreds digit of 9205?
2
What is the tens digit of 29746?
4
What is the thousands digit of 2629?
2
What is the hundreds digit of 84755?
7
What is the units digit of 326?
6
What is the tens digit of 6317?
1
What is the tens digit of 9180?
8
What is the ten thousands digit of 55676?
5
What is the thousands digit of 27163?
7
What is the units digit of 1583?
3
What is the units digit of 226?
6
What is the units digit of 79?
9
What is the thousands digit of 5184?
5
What is the hundreds digit of 31927?
9
What is the hundreds digit of 8861?
8
What is the tens digit of 9778?
7
What is the ten thousands digit of 34906?
3
What is the hundreds digit of 2371?
3
What is the tens digit of 14895?
9
What is the units digit of 98?
8
What is the thousands digit of 18591?
8
What is the units digit of 777?
7
What is the ten thousands digit of 15303?
1
What is the tens digit of 1368?
6
What is the tens digit of 7177?
7
What is the tens digit of 1928?
2
What is the thousands digit of 5673?
5
What is the thousands digit of 2762?
2
What is the thousands digit of 8067?
8
What is the hundreds digit of 86602?
6
What is the thousands d